9). Suppose 7*h - 3*h + 16 = p. Is 2/h - (-81)/6 a prime number?
True
Suppose 0 = 13*z - 20460 - 22999. Is z a prime number?
True
Suppose -z = -3606 - 457. Is z prime?
False
Suppose -3*l - 39 = 4*h, 5*l = 3*h + l + 23. Is 764/(-6)*h/6 composite?
False
Suppose 4*k + 842 = -4*i - 282, 1110 = -4*i + 3*k. Let g = i + 548. Is g composite?
False
Suppose 0*f + 8 = -2*f. Let n be 1*(4/f)/1. Is 0/((-3)/n) + 359 composite?
False
Suppose 0 = -4*a + v + 87840, 2*a - 33413 = -3*v + 10521. Is a a composite number?
False
Let x(n) = 8205*n**3 - 3*n**2 - 13*n + 14. Is x(1) a composite number?
True
Let s = 13 - 13. Suppose s = -i + 1418 - 161. Suppose 0 = -0*p + 2*p - 5*z - 838, i = 3*p + 3*z. Is p composite?
False
Is 2634/12 - (-20)/(-8) composite?
True
Let h(o) = -14*o**3 - 2*o**2 + 5*o + 3. Let n be (2/2)/((-7)/21). Let g be h(n). Let c = 553 - g. Is c a composite number?
True
Let p = 5158 + -2279. Is p a prime number?
True
Let l = -16 - -13. Let p be (-636)/l + 4 + 0. Let q = p + -75. Is q composite?
True
Is (-1 - -6633) + (-40)/(-5 - 3) a prime number?
True
Let x(i) = 181*i**3 - 5*i**2 + 9*i - 7. Is x(2) prime?
True
Suppose 2*l - 25906 = -2*w, 0 = -2*l - 2*w - 3*w + 25918. Is l composite?
True
Suppose -296423 = -11*x - 63102. Is x a prime number?
True
Suppose 0 = o + 3, -16*o = -3*p - 18*o + 24237. Is p composite?
False
Let x(n) = -13*n**3 - 5*n**2 - 4*n - 25. Is x(-6) a composite number?
True
Is 86/(-430) + (-15382)/(-10) a composite number?
True
Let b(t) = 72*t**2 - 1. Is b(-4) a composite number?
False
Let z = -73 + 145. Let f = z - -179. Is f a composite number?
False
Let t(n) = n**3 - 8*n**2 - 8*n + 8. Let j be t(9). Let u = j - 15. Suppose -3*s + 377 = 2*y + 2*s, 4*y + u*s - 762 = 0. Is y a prime number?
True
Let q(i) = i**3 - 6*i**2 + 6*i. Let k be q(1). Let a(j) = 524*j - 3. Is a(k) a composite number?
False
Let i(m) = -2337*m + 9. Let y be i(-2). Suppose -3*n = -3*z - y, 0 = 5*n - 2*z - 3832 - 3973. Is n a prime number?
False
Suppose 4*v + 8509 = -1763. Let g = -1669 - v. Is g prime?
False
Suppose 3*k - 35315 = -2414. Is k a composite number?
True
Suppose 28214 + 8592 = 14*y. Is y composite?
True
Suppose 2*d - 28 = -3*i - 2*i, d = i. Let w(a) = -10 - 5 + i - 24*a. Is w(-5) composite?
False
Let k = -76 + 80. Suppose -3*g - 5*j + 311 = -0*j, 0 = j - k. Is g prime?
True
Let x(d) = -d**3 + 15*d**2 + 18*d - 29. Let l be x(16). Suppose 0 = 2*o + l*h - 6536, o = -3*o - 3*h + 13078. Is o a composite number?
False
Let i be 2/(9/(-7) + 1). Let w(c) = -1 + 4*c**2 - 3*c**2 - 21173*c + 21171*c. Is w(i) a prime number?
False
Let u(n) = -248*n - 75. Is u(-3) composite?
True
Suppose 5*c = 4*z + 543767, 0 = 5*z - 10 + 25. Is c a prime number?
True
Is ((7 - 7) + -2374)/(-2) a prime number?
True
Let h(w) be the second derivative of 6*w**5/5 + w**3/3 - w**2/2 - 2*w. Let g be h(1). Suppose -6*k + g = -5*k. Is k composite?
True
Let c = 27065 - 10194. Is c a composite number?
False
Suppose -4 + 9 = -q. Let y(l) = 3*l + 8. Let j be y(q). Let h(w) = -w**3 - 2*w**2 - 10*w - 8. Is h(j) a composite number?
False
Suppose 2*c = -c - n + 11, 4*c - 2*n = 28. Let s be (c/1 - 2) + 5. Suppose -s = -2*q, -4*q - 1020 = -6*r + 2*r. Is r a prime number?
False
Suppose 33*r - 27*r = 113694. Is r composite?
True
Let i be 0 - (-12)/((-12)/(-3)). Is -4*6/(-2) - i a composite number?
True
Let g be (2/4)/(3/(-12)). Is (3 - 4)/(g/2818) a composite number?
False
Suppose 0 = 3*f + 24 + 60. Suppose -c + 422 = -290. Is (49/f)/((-2)/c) a prime number?
False
Suppose 3*u = 3*y + 12327, y = 43*u - 39*u - 16424. Is u prime?
False
Suppose -4*t = 2*f - 64, -2*f - 3*t + 60 = -0*t. Suppose 65 = v - f. Is v prime?
True
Let m(q) = -1859*q + 3. Let a be m(-1). Suppose 0 = 3*z - a + 365. Is z prime?
True
Let t = -20 + 19. Let c be (1*(3 + -5))/t. Suppose -284 = -o - i - 4*i, -5*o + c*i + 1501 = 0. Is o a composite number?
True
Let f = -2288 + 1375. Let t be 48/12*126/(-4). Let z = t - f. Is z a prime number?
True
Let u = 203 - 23. Suppose -h + u = t, h - 160 = -t - 4*h. Is t a composite number?
True
Let i(x) be the second derivative of -19*x**3/3 - 3*x**2/2 + 10*x. Is i(-20) composite?
False
Suppose 4*b = -4*z + 636, 5*z + 489 + 165 = 4*b. Is b a prime number?
False
Let z(o) = -o - 1. Let k be z(-5). Suppose -4 + 28 = -k*a. Is (76 - (a + 3))*1 prime?
True
Is 10/(-85) - (1 + 34008/(-68)) prime?
True
Let u = 72 - -1252. Let q = 30 + u. Suppose q = r + r. Is r a composite number?
False
Let f(s) be the first derivative of 30*s**2 - 3*s + 3. Let v be f(2). Suppose -v + 330 = 3*o. Is o a composite number?
False
Let i = 4 - 0. Suppose i*w - 11 + 3 = 0. Is -2 + w - 133/(-1) composite?
True
Suppose 883 + 629 = -12*k. Is (-1842)/4*(-17)/((-459)/k) composite?
True
Suppose -2*z + 43764 = 10*z. Is z a prime number?
False
Suppose -3*d - 5*k - 1298 = -0, -1774 = 4*d - 2*k. Is (-2 + -2 - d)/1 composite?
True
Let d = -20 - -28. Let v = 8 - d. Suppose v*t - 2*t + 110 = 0. Is t prime?
False
Let r = 7 + -13. Let m(q) = 7*q**2 + 13*q - 11. Is m(r) prime?
True
Let k = -2133 - -5242. Is k a composite number?
False
Is (16/(-40))/((-6)/4755) a prime number?
True
Suppose 0 = -6*p + 1644 - 462. Suppose -198 - p = -5*j. Is j composite?
False
Is -1*(-7 - 5554) - -6 composite?
True
Let x be (16 + -29)/((-1)/61). Suppose 274 + x = w. Is w prime?
False
Let q(f) = 38*f**2 - 15*f - 7. Let m be q(9). Suppose 5*w = 4*i - m, 4*i + i + w - 3699 = 0. Is i composite?
False
Is (134/(-4))/((-1)/274) prime?
False
Let k(c) = -21*c**2 - 7*c + 1. Let y(v) = -64*v**2 - 20*v + 4. Let g(j) = 17*k(j) - 6*y(j). Suppose -3*m + 4*s + 35 = 0, -3*s + 5*s - 10 = -4*m. Is g(m) prime?
True
Let b = -66 - -69. Suppose -b*j + 0*v + 5242 = 5*v, -3*j + 2*v = -5270. Is j a composite number?
True
Let d(w) = -w**3 - 10*w**2 - 10*w - 53. Is d(-12) composite?
True
Let g(x) = x**2 - 11*x - 13. Let y be g(12). Let w(a) = -956*a**3 + a**2. Let c be w(y). Suppose c = 2*d - 5*b, -3*d + 2*b - b = -1442. Is d a prime number?
False
Is (40870/(-6) - 1)*(-6)/4 prime?
False
Suppose -154*q + 158*q - 796 = 0. Is q a prime number?
True
Suppose -5*t - 996 = -51. Let z = t - -338. Is z a prime number?
True
Let f(a) be the third derivative of a**5/30 + 3*a**4/8 - 3*a**3/2 + 42*a**2. Is f(-7) composite?
True
Suppose 39631 = 3*j - 4*y, 7*y = -j + 11*y + 13197. Is j prime?
True
Let t = -7 - 5. Is ((-1213)/3)/(t/36) a prime number?
True
Let h = 17135 - 9456. Is h prime?
False
Suppose -7*g = 4 - 4. Suppose 5*k = -0*k. Suppose g = -n + 3*w + 107 + 20, w = k. Is n prime?
True
Suppose 56 = -2*j + 616. Suppose 0 = -y - 5*m - j, 3*y - 280 = 4*y + m. Let k = 517 + y. Is k composite?
True
Suppose 47121 = -10*s + 124291. Is s composite?
False
Is -3 + (81/54)/(3/15304) a composite number?
False
Let s be 4*(-3)/2*-1. Suppose s*p = 3*p. Is (p - -1)/((-5)/(-70)) a composite number?
True
Let n be (2 - 2) + -7 - -1. Let v(q) be the second derivative of -4*q**3/3 + 7*q**2/2 - 15*q. Is v(n) composite?
True
Suppose 11*b - 10*b - 2700 = -l, 0 = -2*l + 5*b + 5407. Is l a composite number?
True
Let q = 717 + -1251. Let x = q - -785. Is x a composite number?
False
Suppose -17 + 32 = 5*z. Is 2706 - (0 + 3/z) a prime number?
False
Suppose 5*m - 2*m - 19 = -5*p, 4*p - 14 = -2*m. Suppose p*n - 1423 + 255 = 0. Suppose -2*b - 2*b = -n. Is b prime?
False
Let h(g) = -10*g - g**3 - 413 - 12*g**3 - 4*g**3 + 411. Is h(-5) a composite number?
True
Let o = 331 + 1938. Is o a composite number?
False
Suppose m + 2 = -5*z, -z = -4*z - 3. Suppose w - 4*o + 15 = 0, -2*w = 5*o - m - 6. Is (-3)/(3/(-49)) + w prime?
False
Let f(p) = -2*p**2 + 163*p + 68. Is f(71) a composite number?
False
Let j(n) = -6*n**3 - 8*n + n**3 + 10 + 3*n**3 + 4*n**2 + 5. Let l be j(-7). Suppose -2*b - 4*i = -b - l, 2831 = 3*b + 5*i. Is b composite?
False
Suppose -3*h - 3*w + 864 = 0, -h + 217 + 96 = -4*w. Is h a prime number?
True
Let j = -6 - -10. Suppose -4*x + 4*l = 12, x - j*x - 2*l = -16. Is (3 - 5) + x + 51 prime?
False
Let l = 77146 + -53895. Is l composite?
False
Let c(d) = d**2 + 18*d + 34. Let g be c(-16). Suppose g*q - 5*n - 2159 = 0, q = -4*q - 5*n + 5415. Is q prime?
False
Suppose 0*g + 2*g = -t - 2, -4*t - 2*g = 2. Suppose 4*f + 542 - 1354 = t. Is f a composite number?
True
Suppose r = -5 + 9. Suppose -s = r*g - 397, -5*s + 1409 + 534 = -g. Is 